{"id":1618,"date":"2023-10-29T19:13:29","date_gmt":"2023-10-29T18:13:29","guid":{"rendered":"https:\/\/laboitebleue.net\/?page_id=1618"},"modified":"2023-11-02T16:07:24","modified_gmt":"2023-11-02T15:07:24","slug":"1618-2","status":"publish","type":"page","link":"https:\/\/laboitebleue.net\/index.php\/service-title-1\/1618-2\/","title":{"rendered":"Pr\u00e9paration et \u00e9tude des donn\u00e9es pour l&#8217;intelligence artificielle :"},"content":{"rendered":"\n<div class=\"wp-block-columns are-vertically-aligned-top is-layout-flex wp-container-core-columns-is-layout-9d6595d7 wp-block-columns-is-layout-flex\">\n<div class=\"wp-block-column is-vertically-aligned-top is-layout-flow wp-block-column-is-layout-flow\" style=\"flex-basis:66.66%\">\n<p>laBoiteBleue accorde une importance fondamentale \u00e0 la pr\u00e9paration et \u00e0 l&#8217;analyse des donn\u00e9es de sant\u00e9, pierre angulaire de nos syst\u00e8mes d&#8217;intelligence artificielle. Initialement, nous proc\u00e9dons \u00e0 un nettoyage et \u00e0 une organisation m\u00e9ticuleuse des donn\u00e9es, essentiels pour assurer leur fiabilit\u00e9 et leur utilit\u00e9 dans le processus analytique. Cette \u00e9tape de pr\u00e9paration est cruciale pour \u00e9liminer toute erreur qui pourrait fausser l&#8217;apprentissage des algorithmes.<\/p>\n\n\n\n<p>Une fois cette pr\u00e9paration accomplie, nous entreprenons une \u00e9tude minutieuse des donn\u00e9es afin d&#8217;en extraire des informations pertinentes et utiles, telles que les tendances et les associations significatives qui peuvent orienter les d\u00e9cisions cliniques. Cela permet \u00e0 nos algorithmes de se perfectionner, d&#8217;augmenter leur pr\u00e9cision et de simuler avec exactitude les situations complexes rencontr\u00e9es dans les soins m\u00e9dicaux. laBoiteBleue s&#8217;engage \u00e0 convertir ces donn\u00e9es soigneusement pr\u00e9par\u00e9es en outils informatiques d&#8217;aide \u00e0 la d\u00e9cision pour les professionnels de la sant\u00e9, afin de contribuer \u00e0 l&#8217;am\u00e9lioration continue de la qualit\u00e9 des soins.<\/p>\n<\/div>\n<\/div>\n","protected":false},"excerpt":{"rendered":"<p>laBoiteBleue accorde une importance fondamentale \u00e0 la pr\u00e9paration et \u00e0 l&#8217;analyse des donn\u00e9es de sant\u00e9, pierre angulaire de nos syst\u00e8mes d&#8217;intelligence artificielle. Initialement, nous proc\u00e9dons \u00e0 un nettoyage et \u00e0 &#8230;<\/p>\n","protected":false},"author":1,"featured_media":0,"parent":1564,"menu_order":0,"comment_status":"closed","ping_status":"closed","template":"","meta":{"footnotes":""},"class_list":["post-1618","page","type-page","status-publish","hentry"],"aioseo_notices":[],"_links":{"self":[{"href":"https:\/\/laboitebleue.net\/index.php\/wp-json\/wp\/v2\/pages\/1618","targetHints":{"allow":["GET"]}}],"collection":[{"href":"https:\/\/laboitebleue.net\/index.php\/wp-json\/wp\/v2\/pages"}],"about":[{"href":"https:\/\/laboitebleue.net\/index.php\/wp-json\/wp\/v2\/types\/page"}],"author":[{"embeddable":true,"href":"https:\/\/laboitebleue.net\/index.php\/wp-json\/wp\/v2\/users\/1"}],"replies":[{"embeddable":true,"href":"https:\/\/laboitebleue.net\/index.php\/wp-json\/wp\/v2\/comments?post=1618"}],"version-history":[{"count":7,"href":"https:\/\/laboitebleue.net\/index.php\/wp-json\/wp\/v2\/pages\/1618\/revisions"}],"predecessor-version":[{"id":1683,"href":"https:\/\/laboitebleue.net\/index.php\/wp-json\/wp\/v2\/pages\/1618\/revisions\/1683"}],"up":[{"embeddable":true,"href":"https:\/\/laboitebleue.net\/index.php\/wp-json\/wp\/v2\/pages\/1564"}],"wp:attachment":[{"href":"https:\/\/laboitebleue.net\/index.php\/wp-json\/wp\/v2\/media?parent=1618"}],"curies":[{"name":"wp","href":"https:\/\/api.w.org\/{rel}","templated":true}]}}