{"id":1610,"date":"2023-10-29T19:05:00","date_gmt":"2023-10-29T18:05:00","guid":{"rendered":"https:\/\/laboitebleue.net\/?page_id=1610"},"modified":"2023-11-02T16:10:08","modified_gmt":"2023-11-02T15:10:08","slug":"1610-2","status":"publish","type":"page","link":"https:\/\/laboitebleue.net\/index.php\/1610-2\/","title":{"rendered":"D\u00e9veloppement de logicielles m\u00e9dicaux bas\u00e9s sur l\u2019intelligence artificielle:"},"content":{"rendered":"\n<div class=\"wp-block-columns is-layout-flex wp-container-core-columns-is-layout-9d6595d7 wp-block-columns-is-layout-flex\">\n<div class=\"wp-block-column is-vertically-aligned-center is-layout-flow wp-block-column-is-layout-flow\" style=\"flex-basis:66.66%\">\n<p>Chez laBoiteBleue, nous d\u00e9veloppons des logiciels m\u00e9dicaux qui utilisent l&#8217;intelligence artificielle pour offrir des informations concr\u00e8tement utilisables par les professionnels de la sant\u00e9. Nos outils transforment les grandes quantit\u00e9s de donn\u00e9es de sant\u00e9 en recommandations claires et fond\u00e9es sur des donn\u00e9es probantes, facilitant la prise de d\u00e9cision rapide et inform\u00e9e dans le diagnostic et le traitement. L&#8217;apprentissage automatique int\u00e9gr\u00e9 \u00e0 nos logiciels leur permet d&#8217;am\u00e9liorer en continu leur capacit\u00e9 \u00e0 anticiper les besoins des patients et \u00e0 optimiser la gestion des soins, tout en s&#8217;assurant de leur int\u00e9gration ais\u00e9e dans les flux de travail m\u00e9dicaux existants. Notre but est de fournir aux soignants des solutions technologiques qui simplifient la complexit\u00e9 des donn\u00e9es pour un impact direct et mesurable sur la sant\u00e9 des patients.<\/p>\n<\/div>\n<\/div>\n","protected":false},"excerpt":{"rendered":"<p>Chez laBoiteBleue, nous d\u00e9veloppons des logiciels m\u00e9dicaux qui utilisent l&#8217;intelligence artificielle pour offrir des informations concr\u00e8tement utilisables par les professionnels de la sant\u00e9. Nos outils transforment les grandes quantit\u00e9s de &#8230;<\/p>\n","protected":false},"author":1,"featured_media":0,"parent":0,"menu_order":0,"comment_status":"closed","ping_status":"closed","template":"","meta":{"footnotes":""},"class_list":["post-1610","page","type-page","status-publish","hentry"],"aioseo_notices":[],"_links":{"self":[{"href":"https:\/\/laboitebleue.net\/index.php\/wp-json\/wp\/v2\/pages\/1610","targetHints":{"allow":["GET"]}}],"collection":[{"href":"https:\/\/laboitebleue.net\/index.php\/wp-json\/wp\/v2\/pages"}],"about":[{"href":"https:\/\/laboitebleue.net\/index.php\/wp-json\/wp\/v2\/types\/page"}],"author":[{"embeddable":true,"href":"https:\/\/laboitebleue.net\/index.php\/wp-json\/wp\/v2\/users\/1"}],"replies":[{"embeddable":true,"href":"https:\/\/laboitebleue.net\/index.php\/wp-json\/wp\/v2\/comments?post=1610"}],"version-history":[{"count":2,"href":"https:\/\/laboitebleue.net\/index.php\/wp-json\/wp\/v2\/pages\/1610\/revisions"}],"predecessor-version":[{"id":1687,"href":"https:\/\/laboitebleue.net\/index.php\/wp-json\/wp\/v2\/pages\/1610\/revisions\/1687"}],"wp:attachment":[{"href":"https:\/\/laboitebleue.net\/index.php\/wp-json\/wp\/v2\/media?parent=1610"}],"curies":[{"name":"wp","href":"https:\/\/api.w.org\/{rel}","templated":true}]}}